{"id":7623,"date":"2016-10-13T10:38:19","date_gmt":"2016-10-13T10:38:19","guid":{"rendered":"http:\/\/kendall.elated-themes.com\/?page_id=7623"},"modified":"2025-12-10T08:35:02","modified_gmt":"2025-12-10T08:35:02","slug":"beauty-home","status":"publish","type":"page","link":"http:\/\/www.spacinqmondes-lyonest.com\/","title":{"rendered":"Home"},"content":{"rendered":"<p>[vc_row center_bck_image=&#8221;no&#8221;][vc_column]\n<div id=\"rev_slider_1_1_wrapper\" class=\"rev_slider_wrapper fullwidthbanner-container\" data-source=\"gallery\" style=\"margin:0px auto;background:transparent;padding:0px;margin-top:0px;margin-bottom:0px;\">\n<!-- START REVOLUTION SLIDER 5.4.5.1 fullwidth mode -->\n\t<div id=\"rev_slider_1_1\" class=\"rev_slider fullwidthabanner\" style=\"display:none;\" data-version=\"5.4.5.1\">\n<ul>\t<!-- SLIDE  -->\n\t<li data-index=\"rs-1\" data-transition=\"fade\" data-slotamount=\"default\" data-hideafterloop=\"0\" data-hideslideonmobile=\"off\"  data-easein=\"default\" data-easeout=\"default\" data-masterspeed=\"300\"  data-thumb=\"http:\/\/www.spacinqmondes-lyonest.com\/wp-content\/uploads\/2017\/09\/Capture-d\u2019e\u0301cran-2017-09-26-a\u0300-13.01.45-100x50.png\"  data-delay=\"4900\"  data-rotate=\"0\"  data-fstransition=\"fade\" data-fsmasterspeed=\"300\" data-fsslotamount=\"7\" data-saveperformance=\"off\"  data-title=\"Slide\" data-param1=\"\" data-param2=\"\" data-param3=\"\" data-param4=\"\" data-param5=\"\" data-param6=\"\" data-param7=\"\" data-param8=\"\" data-param9=\"\" data-param10=\"\" data-description=\"\">\n\t\t<!-- MAIN IMAGE -->\n\t\t<img src=\"http:\/\/www.spacinqmondes-lyonest.com\/wp-content\/uploads\/2017\/09\/Capture-d\u2019e\u0301cran-2017-09-26-a\u0300-13.01.45.png\"  alt=\"\" title=\"cmjn-arbres CMJN.jpg\"  width=\"1974\" height=\"1056\" data-bgposition=\"center center\" data-bgfit=\"cover\" data-bgrepeat=\"no-repeat\" data-bgparallax=\"10\" class=\"rev-slidebg\" data-no-retina>\n\t\t<!-- LAYERS -->\n\t<\/li>\n<\/ul>\n<script>var htmlDiv = document.getElementById(\"rs-plugin-settings-inline-css\"); var htmlDivCss=\"\";\r\n\t\t\t\t\t\tif(htmlDiv) {\r\n\t\t\t\t\t\t\thtmlDiv.innerHTML = htmlDiv.innerHTML + htmlDivCss;\r\n\t\t\t\t\t\t}else{\r\n\t\t\t\t\t\t\tvar htmlDiv = document.createElement(\"div\");\r\n\t\t\t\t\t\t\thtmlDiv.innerHTML = \"<style>\" + htmlDivCss + \"<\/style>\";\r\n\t\t\t\t\t\t\tdocument.getElementsByTagName(\"head\")[0].appendChild(htmlDiv.childNodes[0]);\r\n\t\t\t\t\t\t}\r\n\t\t\t\t\t<\/script>\n<div class=\"tp-bannertimer tp-bottom\" style=\"visibility: hidden !important;\"><\/div>\t<\/div>\n<script>var htmlDiv = document.getElementById(\"rs-plugin-settings-inline-css\"); var htmlDivCss=\"\";\r\n\t\t\t\tif(htmlDiv) {\r\n\t\t\t\t\thtmlDiv.innerHTML = htmlDiv.innerHTML + htmlDivCss;\r\n\t\t\t\t}else{\r\n\t\t\t\t\tvar htmlDiv = document.createElement(\"div\");\r\n\t\t\t\t\thtmlDiv.innerHTML = \"<style>\" + htmlDivCss + \"<\/style>\";\r\n\t\t\t\t\tdocument.getElementsByTagName(\"head\")[0].appendChild(htmlDiv.childNodes[0]);\r\n\t\t\t\t}\r\n\t\t\t<\/script>\n\t\t<script type=\"text\/javascript\">\r\nsetREVStartSize({c: jQuery('#rev_slider_1_1'), responsiveLevels: [1240,1024,778,480], gridwidth: [1200,1100,778,480], gridheight: [625,460,550,720], sliderLayout: 'fullwidth'});\r\n\t\t\t\r\nvar revapi1,\r\n\ttpj=jQuery;\r\n\t\t\t\r\ntpj(document).ready(function() {\n\tif(tpj(\"#rev_slider_1_1\").revolution == undefined){\n\t\trevslider_showDoubleJqueryError(\"#rev_slider_1_1\");\n\t}else{\n\t\trevapi1 = tpj(\"#rev_slider_1_1\").show().revolution({\n\t\t\tsliderType:\"standard\",\n\t\t\tjsFileLocation:\"\/\/www.spacinqmondes-lyonest.com\/wp-content\/plugins\/revslider\/public\/assets\/js\/\",\n\t\t\tsliderLayout:\"fullwidth\",\n\t\t\tdottedOverlay:\"none\",\n\t\t\tdelay:5000,\n\t\t\tnavigation: {\n\t\t\t\tkeyboardNavigation:\"off\",\n\t\t\t\tkeyboard_direction: \"horizontal\",\n\t\t\t\tmouseScrollNavigation:\"off\",\n \t\t\t\t\t\t\tmouseScrollReverse:\"default\",\n\t\t\t\tonHoverStop:\"off\",\n\t\t\t\tarrows: {\n\t\t\t\t\tstyle:\"eltd-dark-skin\",\n\t\t\t\t\tenable:true,\n\t\t\t\t\thide_onmobile:true,\n\t\t\t\t\thide_under:1025,\n\t\t\t\t\thide_onleave:false,\n\t\t\t\t\ttmp:'',\n\t\t\t\t\tleft: {\n\t\t\t\t\t\th_align:\"left\",\n\t\t\t\t\t\tv_align:\"center\",\n\t\t\t\t\t\th_offset:20,\n\t\t\t\t\t\tv_offset:0\n\t\t\t\t\t},\n\t\t\t\t\tright: {\n\t\t\t\t\t\th_align:\"right\",\n\t\t\t\t\t\tv_align:\"center\",\n\t\t\t\t\t\th_offset:20,\n\t\t\t\t\t\tv_offset:0\n\t\t\t\t\t}\n\t\t\t\t}\n\t\t\t\t,\n\t\t\t\tbullets: {\n\t\t\t\t\tenable:true,\n\t\t\t\t\thide_onmobile:false,\n\t\t\t\t\tstyle:\"eltd-dark-skin\",\n\t\t\t\t\thide_onleave:false,\n\t\t\t\t\tdirection:\"horizontal\",\n\t\t\t\t\th_align:\"center\",\n\t\t\t\t\tv_align:\"bottom\",\n\t\t\t\t\th_offset:0,\n\t\t\t\t\tv_offset:20,\n\t\t\t\t\tspace:5,\n\t\t\t\t\ttmp:'<span class=\"tp-bullet-image\"><\/span><span class=\"tp-bullet-title\"><\/span>'\n\t\t\t\t}\n\t\t\t},\n\t\t\tresponsiveLevels:[1240,1024,778,480],\n\t\t\tvisibilityLevels:[1240,1024,778,480],\n\t\t\tgridwidth:[1200,1100,778,480],\n\t\t\tgridheight:[625,460,550,720],\n\t\t\tlazyType:\"none\",\n\t\t\tparallax: {\n\t\t\t\ttype:\"mouse\",\n\t\t\t\torigo:\"enterpoint\",\n\t\t\t\tspeed:6000,\n\t\t\t\tspeedbg:0,\n\t\t\t\tspeedls:0,\n\t\t\t\tlevels:[5,10,15,20,25,30,35,40,45,46,47,48,49,50,51,55],\n\t\t\t},\n\t\t\tshadow:0,\n\t\t\tspinner:\"spinner4\",\n\t\t\tstopLoop:\"off\",\n\t\t\tstopAfterLoops:-1,\n\t\t\tstopAtSlide:-1,\n\t\t\tshuffle:\"off\",\n\t\t\tautoHeight:\"off\",\n\t\t\tdisableProgressBar:\"on\",\n\t\t\thideThumbsOnMobile:\"off\",\n\t\t\thideSliderAtLimit:0,\n\t\t\thideCaptionAtLimit:0,\n\t\t\thideAllCaptionAtLilmit:0,\n\t\t\tdebugMode:false,\n\t\t\tfallbacks: {\n\t\t\t\tsimplifyAll:\"off\",\n\t\t\t\tnextSlideOnWindowFocus:\"off\",\n\t\t\t\tdisableFocusListener:false,\n\t\t\t}\n\t\t});\n\t}\n\t\n});\t\/*ready*\/\n<\/script>\r\n\t\t<script>\r\n\t\t\t\t\tvar htmlDivCss = '\t#rev_slider_1_1_wrapper .tp-loader.spinner4 div { background-color: #dea43e !important; } ';\r\n\t\t\t\t\tvar htmlDiv = document.getElementById('rs-plugin-settings-inline-css');\r\n\t\t\t\t\tif(htmlDiv) {\r\n\t\t\t\t\t\thtmlDiv.innerHTML = htmlDiv.innerHTML + htmlDivCss;\r\n\t\t\t\t\t}\r\n\t\t\t\t\telse{\r\n\t\t\t\t\t\tvar htmlDiv = document.createElement('div');\r\n\t\t\t\t\t\thtmlDiv.innerHTML = '<style>' + htmlDivCss + '<\/style>';\r\n\t\t\t\t\t\tdocument.getElementsByTagName('head')[0].appendChild(htmlDiv.childNodes[0]);\r\n\t\t\t\t\t}\r\n\t\t\t\t\t<\/script>\r\n\t\t\t\t\t<script>\r\n\t\t\t\t\tvar htmlDivCss = unescape(\".eltd-dark-skin.tparrows%20%7B%0A%09cursor%3Apointer%3B%0A%09width%3A%23%23bg-size%23%23px%3B%0A%09height%3A%23%23bg-size%23%23px%3B%0A%09position%3Aabsolute%3B%0A%09display%3Ablock%3B%0A%09z-index%3A100%3B%0A%20%20%20%20background-color%3A%20transparent%3B%0A%20%20%20%20font-weight%3Alight%3B%0A%7D%0A%0A.eltd-dark-skin.tparrows%3Abefore%20%7B%0A%09font-family%3A%20%22revicons%22%3B%0A%09font-size%3A45px%3B%0A%09color%3A%23000%3B%0A%09display%3Ablock%3B%0A%09text-align%3A%20center%3B%0A%7D%0A.eltd-dark-skin.tparrows.tp-leftarrow%3Abefore%20%7B%0A%09content%3A%20%22%5Ce03f%22%3B%0A%20%20%20font-family%3A%20%22linea-arrows-10%22%20%21important%3B%0A%20%20%20%20margin-left%3A-3px%3B%0A%7D%0A.eltd-dark-skin.tparrows.tp-rightarrow%3Abefore%20%7B%0A%09%20%20%20%20content%3A%20%22%5Ce04b%22%3B%0A%20%20%20%20%20%20%20%20%20font-family%3A%20%22linea-arrows-10%22%20%21important%3B%0A%20%20%20%20margin-right%3A-3px%3B%0A%7D%0A.tp-bullets.eltd-dark-skin%7B%0A%09top%3A99%25%21important%3B%0A%20%20%20%20width%3Aauto%21important%3B%0A%7D%0A.eltd-dark-skin.tp-bullets%20.tp-bullet%7B%0A%20%20border-radius%3A50%25%3B%0A%20%20background-color%3Atransparent%3B%0A%20%20border%3A2px%20solid%20%23333%3B%0A%20%20box-sizing%3Aborder-box%3B%0A%20%20width%3A10px%3B%0A%20%20height%3A10px%3B%0A%20%20position%3A%20relative%3B%0A%20%20float%3Aleft%3B%0A%20%20margin-left%3A%2010px%21important%3B%0A%20%20left%3A0%21important%3B%0A%0A%7D%0A.eltd-dark-skin.tp-bullets%20.tp-bullet.selected%2C%0A.eltd-dark-skin.tp-bullets%20.tp-bullet%3Ahover%7B%0Abackground-color%3A%23333%3B%0A%7D%0A.eltd-dark-skin.tp-bullets%20.tp-bullet%3Afirst-child%7B%0Amargin-left%3A%200px%21important%3B%0A%7D%0A%0A%0A\");\r\n\t\t\t\t\tvar htmlDiv = document.getElementById('rs-plugin-settings-inline-css');\r\n\t\t\t\t\tif(htmlDiv) {\r\n\t\t\t\t\t\thtmlDiv.innerHTML = htmlDiv.innerHTML + htmlDivCss;\r\n\t\t\t\t\t}\r\n\t\t\t\t\telse{\r\n\t\t\t\t\t\tvar htmlDiv = document.createElement('div');\r\n\t\t\t\t\t\thtmlDiv.innerHTML = '<style>' + htmlDivCss + '<\/style>';\r\n\t\t\t\t\t\tdocument.getElementsByTagName('head')[0].appendChild(htmlDiv.childNodes[0]);\r\n\t\t\t\t\t}\r\n\t\t\t\t  <\/script>\r\n\t\t\t\t<\/div><!-- END REVOLUTION SLIDER -->[\/vc_column][\/vc_row][vc_row content_width=&#8221;grid&#8221; center_bck_image=&#8221;no&#8221; css=&#8221;.vc_custom_1477318564224{padding-top: 95px !important;padding-bottom: 105px !important;}&#8221;][vc_column][vc_column_text]<\/p>\n<div id=\"m_-7691238475039356814gmail-m_-6885090430372446045divtagdefaultwrapper\" dir=\"ltr\">\n<h1 style=\"text-align: center;\">Le Spa<\/h1>\n<p style=\"text-align: center;\"><span style=\"color: #000000;\">Nich\u00e9 au c\u0153ur de l&#8217;Hotel Kyriad Prestige de Saint Priest , notre Spa est\u00a0\u00e0 la fois\u00a0un cocon et un temple de la\u00a0beaut\u00e9.\u00a0<\/span><span style=\"color: #000000;\">Dans un cadre intimiste il offre une palette de soins et de senteurs d\u00e9di\u00e9e au &#8221; Bien \u00eatre&#8221; sur 600 m2.\u00a0<\/span><span style=\"color: #000000;\">Ce havre de\u00a0s\u00e9r\u00e9nit\u00e9\u00a0pr\u00e9sente des infrastructures de qualit\u00e9 parfaites pour se d\u00e9lasser dans l&#8217;espace\u00a0Aqua Relax,\u00a0comprenant\u00a0un hammam, un sauna, une douche sensorielle, un bain Japonais\u00a0et\u00a0sa fontaine de glace.\u00a0<\/span><span style=\"color: #000000;\">Apr\u00e8s la relaxation offerte par la salle de repos,\u00a0les modelages et soins Cinq Mondes\u00a0\u00a0vous\u00a0sont prodigu\u00e9s dans une des 2 cabines individuelles ou dans la cabine Duo pour un\u00a0instant d\u00e9tente\u00a0seul ou \u00e0 deux.\u00a0<\/span><\/p>\n<\/div>\n<p>[\/vc_column_text][vc_empty_space][\/vc_column][vc_column][vc_row_inner][vc_column_inner width=&#8221;1\/3&#8243;][vc_column_text][\/vc_column_text][\/vc_column_inner][vc_column_inner width=&#8221;1\/3&#8243;]<a href=\"https:\/\/www.planity.com\/spa-kyriad-prestige-lyon-saint-priest-69800\" target=\"_blank\" style=\"color: #e5e5e5\" class=\"eltd-btn eltd-btn-medium eltd-btn-solid eltd-btn-gradient_hover\"  >\n    <span class=\"eltd-btn-text\">Consulter la carte des soins<\/span>\n    <\/a>[\/vc_column_inner][vc_column_inner width=&#8221;1\/3&#8243;][vc_column_text][\/vc_column_text][\/vc_column_inner][\/vc_row_inner][vc_empty_space height=&#8221;50px&#8221;][vc_column_text]<\/p>\n<div id=\"m_-7691238475039356814gmail-m_-6885090430372446045divtagdefaultwrapper\" dir=\"ltr\">\n<h1 style=\"text-align: center;\"><span style=\"color: #000000;\">La salle de Fitness<\/span><\/h1>\n<p style=\"text-align: center;\"><span class=\"s1\" style=\"color: #000000;\">Destination de bien-\u00eatre par excellence, le Spa vous propose\u00a0une salle de fitness\u00a0accessible \u00e0 tous gr\u00e2ce \u00e0 des\u00a0abonnements\u00a0mensuels ou \u00e0 la\u00a0s\u00e9ance.\u00a0<\/span><span style=\"color: #000000;\"><span class=\"s1\">Situ\u00e9e au c\u0153ur de l&#8217;\u00e9tablissement et \u00e0 la lumi\u00e8re du jour, la salle de musculation et de\u00a0cardiotraining\u00a0offre le\u00a0meilleur des \u00e9quipements\u00a0en termes de technologie,<\/span><span class=\"s2\">\u00a0qui permettent en un temps record d\u2019am\u00e9liorer vos capacit\u00e9s physiques, de sculpter votre silhouette\u00a0tout en\u00a0corrigeant votre posture.<\/span><\/span><\/p>\n<p class=\"p3\" style=\"text-align: center;\"><span class=\"s1\" style=\"color: #000000;\">Vous pourrez retrouver sur place vestiaires, serviettes, en cas, boissons d\u00e9tox \u00e0 la demande.<br \/>\n<\/span><span style=\"color: #000000;\"><span class=\"s3\"><br \/>\n<\/span><span class=\"s1\">Abonnement Mensuel\u00a059\u20ac\u00a0par mois \/\u00a0<\/span><\/span><span class=\"s1\" style=\"color: #000000;\">Fitness Day:\u00a015\u20ac\u00a0la journ\u00e9e\u00a0<\/span><span style=\"color: #000000;\"><span class=\"s4\"><br \/>\n<\/span><\/span><\/p>\n<p class=\"p3\" style=\"text-align: center;\"><span style=\"color: #000000;\"><span class=\"s1\">Notre salle est ouverte de 10h00 \u00e0 20h00 du lundi au dimanche.<br \/>\n<\/span><\/span><span style=\"color: #000000;\"><span class=\"s3\">Renseignez vous directement au Spa et contactez nous<\/span><span class=\"s5\">\u00a0au\u00a004 37 25 69 92<\/span><\/span><\/p>\n<\/div>\n<p>[\/vc_column_text][\/vc_column][\/vc_row][vc_row center_bck_image=&#8221;no&#8221;][vc_column]<div class=\"eltd-elements-holder eltd-three-columns eltd-responsive-mode-768 eltd-elements-items-float\" ><div class=\"eltd-elements-holder-item \" data-item-class=\"eltd-elements-holder-custom-745255\" data-600-768=\"0 17% 30px 17%\" >\n\t<div class=\"eltd-elements-holder-item-inner\">\n\t\t<div class=\"eltd-elements-holder-item-content eltd-elements-holder-custom-745255\" style=\"padding: 0 0 0 0\">\n\t\t\t<div class=\"eltd-info-box-holder eltd-detailed eltd-interactive eltd-light\">\n\t<div class=\"eltd-info-box-inner\">\n\t\t<div class=\"eltd-ib-front-holder\">\n\t\t\t<div class=\"eltd-ib-front-holder-inner\">\n\t\t\t\t<div class=\"eltd-ib-top-holder\">\n\t\t\t\t\t\n\t\t\t\t\t\t\t\t\t\t\t<div class=\"eltd-ib-title-holder\">\n\t\t\t\t\t\t\t<h3 class=\"eltd-ib-title\">\n\t\t\t\t\t\t\t\tLe Spa\t\t\t\t\t\t\t<\/h3>\n\t\t\t\t\t\t<\/div>\n\t\t\t\t\t\t\t\t\t<\/div>\n\n\t\t\t\t<div class=\"eltd-ib-bottom-holder\">\n\t\t\t\t\t\t\t\t\t\t\t<div class=\"eltd-ib-text-holder\">\n\t\t\t\t\t\t\t<p>Un espace accueil &amp; une boutique Cinq Mondes <\/p>\n\t\t\t\t\t\t<\/div>\n\t\t\t\t\t\n\t\t\t\t\t\t\t\t\t<\/div>\n\t\t\t<\/div>\n\n\t\t<\/div>\n\t\t\t\t<div class=\"eltd-ib-overlay\" style=\"background-color: #7a003b\"><\/div>\n\t\t\t<\/div>\n<\/div>\t\t<\/div>\n\t<\/div>\n<\/div><div class=\"eltd-elements-holder-item \" data-item-class=\"eltd-elements-holder-custom-602551\" data-600-768=\"0 17% 30px 17%\" >\n\t<div class=\"eltd-elements-holder-item-inner\">\n\t\t<div class=\"eltd-elements-holder-item-content eltd-elements-holder-custom-602551\" style=\"padding: 0 0 0 0\">\n\t\t\t<div class=\"eltd-info-box-holder eltd-detailed eltd-interactive eltd-light\">\n\t<div class=\"eltd-info-box-inner\">\n\t\t<div class=\"eltd-ib-front-holder\">\n\t\t\t<div class=\"eltd-ib-front-holder-inner\">\n\t\t\t\t<div class=\"eltd-ib-top-holder\">\n\t\t\t\t\t\n\t\t\t\t\t\t\t\t\t\t\t<div class=\"eltd-ib-title-holder\">\n\t\t\t\t\t\t\t<h3 class=\"eltd-ib-title\">\n\t\t\t\t\t\t\t\tFitness\t\t\t\t\t\t\t<\/h3>\n\t\t\t\t\t\t<\/div>\n\t\t\t\t\t\t\t\t\t<\/div>\n\n\t\t\t\t<div class=\"eltd-ib-bottom-holder\">\n\t\t\t\t\t\t\t\t\t\t\t<div class=\"eltd-ib-text-holder\">\n\t\t\t\t\t\t\t<p>Une salle de fitness accessible \u00e0 la journ\u00e9e ou \u00e0 l&#039;ann\u00e9e sur abonnements<\/p>\n\t\t\t\t\t\t<\/div>\n\t\t\t\t\t\n\t\t\t\t\t\t\t\t\t<\/div>\n\t\t\t<\/div>\n\n\t\t<\/div>\n\t\t\t\t<div class=\"eltd-ib-overlay\" style=\"background-color: #7a254e\"><\/div>\n\t\t\t<\/div>\n<\/div>\t\t<\/div>\n\t<\/div>\n<\/div><div class=\"eltd-elements-holder-item \" data-item-class=\"eltd-elements-holder-custom-335175\" data-600-768=\"0 17% 0 17%\" >\n\t<div class=\"eltd-elements-holder-item-inner\">\n\t\t<div class=\"eltd-elements-holder-item-content eltd-elements-holder-custom-335175\" style=\"padding: 0 0 0 0\">\n\t\t\t<div class=\"eltd-info-box-holder eltd-detailed eltd-interactive eltd-light\">\n\t<div class=\"eltd-info-box-inner\">\n\t\t<div class=\"eltd-ib-front-holder\">\n\t\t\t<div class=\"eltd-ib-front-holder-inner\">\n\t\t\t\t<div class=\"eltd-ib-top-holder\">\n\t\t\t\t\t\n\t\t\t\t\t\t\t\t\t\t\t<div class=\"eltd-ib-title-holder\">\n\t\t\t\t\t\t\t<h3 class=\"eltd-ib-title\">\n\t\t\t\t\t\t\t\tRelaxation\t\t\t\t\t\t\t<\/h3>\n\t\t\t\t\t\t<\/div>\n\t\t\t\t\t\t\t\t\t<\/div>\n\n\t\t\t\t<div class=\"eltd-ib-bottom-holder\">\n\t\t\t\t\t\t\t\t\t\t\t<div class=\"eltd-ib-text-holder\">\n\t\t\t\t\t\t\t<p>Une salle de relaxation<\/p>\n\t\t\t\t\t\t<\/div>\n\t\t\t\t\t\n\t\t\t\t\t\t\t\t\t<\/div>\n\t\t\t<\/div>\n\n\t\t<\/div>\n\t\t\t\t<div class=\"eltd-ib-overlay\" style=\"background-color: #7a4760\"><\/div>\n\t\t\t<\/div>\n<\/div>\t\t<\/div>\n\t<\/div>\n<\/div><div class=\"eltd-elements-holder-item \" data-item-class=\"eltd-elements-holder-custom-787873\" data-600-768=\"0 17% 0 17%\" >\n\t<div class=\"eltd-elements-holder-item-inner\">\n\t\t<div class=\"eltd-elements-holder-item-content eltd-elements-holder-custom-787873\" style=\"padding: 0 0 0 0\">\n\t\t\t<div class=\"eltd-info-box-holder eltd-detailed eltd-interactive eltd-light\">\n\t<div class=\"eltd-info-box-inner\">\n\t\t<div class=\"eltd-ib-front-holder\">\n\t\t\t<div class=\"eltd-ib-front-holder-inner\">\n\t\t\t\t<div class=\"eltd-ib-top-holder\">\n\t\t\t\t\t\n\t\t\t\t\t\t\t\t\t\t\t<div class=\"eltd-ib-title-holder\">\n\t\t\t\t\t\t\t<h3 class=\"eltd-ib-title\">\n\t\t\t\t\t\t\t\tAqua Relax\t\t\t\t\t\t\t<\/h3>\n\t\t\t\t\t\t<\/div>\n\t\t\t\t\t\t\t\t\t<\/div>\n\n\t\t\t\t<div class=\"eltd-ib-bottom-holder\">\n\t\t\t\t\t\t\t\t\t\t\t<div class=\"eltd-ib-text-holder\">\n\t\t\t\t\t\t\t<p>Un espace Aqua Relax avec Hammam, Sauna, Douche Sensorielle, Bain Japonais et d&#039;une Fontaine de Glace.<\/p>\n\t\t\t\t\t\t<\/div>\n\t\t\t\t\t\n\t\t\t\t\t\t\t\t\t<\/div>\n\t\t\t<\/div>\n\n\t\t<\/div>\n\t\t\t\t<div class=\"eltd-ib-overlay\" style=\"background-color: #7a254e\"><\/div>\n\t\t\t<\/div>\n<\/div>\t\t<\/div>\n\t<\/div>\n<\/div><div class=\"eltd-elements-holder-item \" data-item-class=\"eltd-elements-holder-custom-913926\" data-600-768=\"0 17% 0 17%\" >\n\t<div class=\"eltd-elements-holder-item-inner\">\n\t\t<div class=\"eltd-elements-holder-item-content eltd-elements-holder-custom-913926\" style=\"padding: 0 0 0 0\">\n\t\t\t<div class=\"eltd-info-box-holder eltd-detailed eltd-interactive eltd-light\">\n\t<div class=\"eltd-info-box-inner\">\n\t\t<div class=\"eltd-ib-front-holder\">\n\t\t\t<div class=\"eltd-ib-front-holder-inner\">\n\t\t\t\t<div class=\"eltd-ib-top-holder\">\n\t\t\t\t\t\n\t\t\t\t\t\t\t\t\t\t\t<div class=\"eltd-ib-title-holder\">\n\t\t\t\t\t\t\t<h3 class=\"eltd-ib-title\">\n\t\t\t\t\t\t\t\tEn solo\t\t\t\t\t\t\t<\/h3>\n\t\t\t\t\t\t<\/div>\n\t\t\t\t\t\t\t\t\t<\/div>\n\n\t\t\t\t<div class=\"eltd-ib-bottom-holder\">\n\t\t\t\t\t\t\t\t\t\t\t<div class=\"eltd-ib-text-holder\">\n\t\t\t\t\t\t\t<p>Deux cabines de soins solo<\/p>\n\t\t\t\t\t\t<\/div>\n\t\t\t\t\t\n\t\t\t\t\t\t\t\t\t<\/div>\n\t\t\t<\/div>\n\n\t\t<\/div>\n\t\t\t\t<div class=\"eltd-ib-overlay\" style=\"background-color: #7a4760\"><\/div>\n\t\t\t<\/div>\n<\/div>\t\t<\/div>\n\t<\/div>\n<\/div><div class=\"eltd-elements-holder-item \" data-item-class=\"eltd-elements-holder-custom-299339\" data-600-768=\"0 17% 0 17%\" >\n\t<div class=\"eltd-elements-holder-item-inner\">\n\t\t<div class=\"eltd-elements-holder-item-content eltd-elements-holder-custom-299339\" style=\"padding: 0 0 0 0\">\n\t\t\t<div class=\"eltd-info-box-holder eltd-detailed eltd-interactive eltd-light\">\n\t<div class=\"eltd-info-box-inner\">\n\t\t<div class=\"eltd-ib-front-holder\">\n\t\t\t<div class=\"eltd-ib-front-holder-inner\">\n\t\t\t\t<div class=\"eltd-ib-top-holder\">\n\t\t\t\t\t\n\t\t\t\t\t\t\t\t\t\t\t<div class=\"eltd-ib-title-holder\">\n\t\t\t\t\t\t\t<h3 class=\"eltd-ib-title\">\n\t\t\t\t\t\t\t\tEn duo\t\t\t\t\t\t\t<\/h3>\n\t\t\t\t\t\t<\/div>\n\t\t\t\t\t\t\t\t\t<\/div>\n\n\t\t\t\t<div class=\"eltd-ib-bottom-holder\">\n\t\t\t\t\t\t\t\t\t\t\t<div class=\"eltd-ib-text-holder\">\n\t\t\t\t\t\t\t<p>Une cabine de soins en Duo<\/p>\n\t\t\t\t\t\t<\/div>\n\t\t\t\t\t\n\t\t\t\t\t\t\t\t\t<\/div>\n\t\t\t<\/div>\n\n\t\t<\/div>\n\t\t\t\t<div class=\"eltd-ib-overlay\" style=\"background-color: #7a003b\"><\/div>\n\t\t\t<\/div>\n<\/div>\t\t<\/div>\n\t<\/div>\n<\/div><\/div>[\/vc_column][\/vc_row]<\/p>\n","protected":false},"excerpt":{"rendered":"<p>[vc_row center_bck_image=&#8221;no&#8221;][vc_column][\/vc_column][\/vc_row][vc_row content_width=&#8221;grid&#8221; center_bck_image=&#8221;no&#8221; css=&#8221;.vc_custom_1477318564224{padding-top: 95px !important;padding-bottom: 105px !important;}&#8221;][vc_column][vc_column_text] Le Spa Nich\u00e9 au c\u0153ur de l&#8217;Hotel Kyriad Prestige de Saint Priest , notre Spa est\u00a0\u00e0 la fois\u00a0un cocon et un temple de la\u00a0beaut\u00e9.\u00a0Dans un cadre intimiste il offre une palette de soins et de senteurs&#8230;<\/p>\n","protected":false},"author":1,"featured_media":0,"parent":0,"menu_order":0,"comment_status":"closed","ping_status":"closed","template":"full-width.php","meta":[],"_links":{"self":[{"href":"http:\/\/www.spacinqmondes-lyonest.com\/index.php?rest_route=\/wp\/v2\/pages\/7623"}],"collection":[{"href":"http:\/\/www.spacinqmondes-lyonest.com\/index.php?rest_route=\/wp\/v2\/pages"}],"about":[{"href":"http:\/\/www.spacinqmondes-lyonest.com\/index.php?rest_route=\/wp\/v2\/types\/page"}],"author":[{"embeddable":true,"href":"http:\/\/www.spacinqmondes-lyonest.com\/index.php?rest_route=\/wp\/v2\/users\/1"}],"replies":[{"embeddable":true,"href":"http:\/\/www.spacinqmondes-lyonest.com\/index.php?rest_route=%2Fwp%2Fv2%2Fcomments&post=7623"}],"version-history":[{"count":57,"href":"http:\/\/www.spacinqmondes-lyonest.com\/index.php?rest_route=\/wp\/v2\/pages\/7623\/revisions"}],"predecessor-version":[{"id":10558,"href":"http:\/\/www.spacinqmondes-lyonest.com\/index.php?rest_route=\/wp\/v2\/pages\/7623\/revisions\/10558"}],"wp:attachment":[{"href":"http:\/\/www.spacinqmondes-lyonest.com\/index.php?rest_route=%2Fwp%2Fv2%2Fmedia&parent=7623"}],"curies":[{"name":"wp","href":"https:\/\/api.w.org\/{rel}","templated":true}]}}